5389?
27
What is the highest common divisor of 14224 and 64?
16
What is the highest common factor of 4960 and 2201?
31
Calculate the greatest common factor of 64859 and 237.
79
Calculate the greatest common factor of 129973 and 69.
23
What is the highest common factor of 1164518 and 618?
206
What is the greatest common factor of 33689 and 11991?
571
Calculate the highest common factor of 486882 and 99.
99
Calculate the highest common divisor of 8380 and 3610.
10
What is the greatest common divisor of 10179 and 16211?
377
Calculate the greatest common divisor of 12691 and 8251.
37
Calculate the greatest common divisor of 15792 and 36.
12
Calculate the highest common factor of 255 and 10635.
15
Calculate the highest common factor of 33587 and 1.
1
What is the highest common factor of 512 and 48640?
512
Calculate the highest common divisor of 3068730 and 30.
30
What is the highest common factor of 18308 and 15522?
398
What is the greatest common factor of 11940 and 930?
30
What is the highest common divisor of 217580 and 2860?
220
What is the greatest common divisor of 2366487 and 58?
29
Calculate the greatest common factor of 1102368 and 1344.
96
Calculate the greatest common factor of 503132 and 2380.
476
Calculate the greatest common divisor of 3211 and 39.
13
What is the highest common factor of 19195 and 297?
11
What is the greatest common factor of 4565 and 1079?
83
What is the greatest common factor of 1076301 and 27?
27
Calculate the greatest common divisor of 12925 and 122200.
1175
Calculate the greatest common divisor of 6273 and 218858.
697
What is the greatest common divisor of 150 and 111900?
150
Calculate the highest common divisor of 63043 and 1932.
23
What is the greatest common factor of 15320 and 2681?
383
What is the greatest common divisor of 159462 and 81?
27
What is the highest common factor of 2736 and 7828?
76
Calculate the highest common divisor of 119753 and 31.
31
Calculate the greatest common factor of 464 and 20752.
16
Calculate the highest common divisor of 1358150 and 253.
23
What is the highest common factor of 86400 and 5200?
400
Calculate the greatest common factor of 4554 and 14283.
207
What is the greatest common divisor of 599283 and 27?
9
What is the greatest common divisor of 11 and 57926?
11
Calculate the highest common divisor of 294812 and 140.
28
What is the greatest common divisor of 745877 and 22?
11
Calculate the greatest common factor of 22671 and 660.
33
Calculate the greatest common divisor of 19116 and 357894.
1062
What is the greatest common divisor of 78392 and 4264?
328
Calculate the greatest common factor of 80928 and 18827.
281
Calculate the highest common factor of 1484 and 364.
28
What is the greatest common factor of 2786530 and 10?
10
Calculate the greatest common divisor of 3223 and 20510.
293
Calculate the greatest common divisor of 4329 and 273.
39
What is the greatest common divisor of 275 and 82045?
5
What is the greatest common divisor of 32610 and 195?
15
What is the highest common divisor of 990 and 1676070?
990
What is the highest common factor of 5798 and 39?
13
What is the highest common divisor of 16244 and 2511?
31
What is the highest common divisor of 106 and 104993?
53
What is the greatest common divisor of 3332 and 31?
1
What is the highest common factor of 144387 and 207?
9
Calculate the highest common divisor of 21243 and 657.
219
What is the highest common factor of 2112 and 272096?
352
Calculate the greatest common factor of 22 and 208703.
11
What is the greatest common divisor of 112970 and 79?
79
Calculate the highest common divisor of 7471 and 16647.
31
What is the greatest common divisor of 373856 and 224?
224
Calculate the greatest common factor of 529176 and 2040.
408
What is the greatest common divisor of 147970 and 5?
5
What is the greatest common factor of 696 and 7337?
29
What is the greatest common factor of 1292 and 116892?
68
Calculate the highest common factor of 255 and 30855.
255
What is the greatest common divisor of 3339 and 160902?
63
Calculate the greatest common factor of 5056 and 1106.
158
What is the greatest common divisor of 3552 and 154068?
444
Calculate the highest common divisor of 1900 and 74575.
475
What is the greatest common divisor of 304 and 46968?
152
What is the greatest common divisor of 2000544 and 2688?
672
Calculate the greatest common divisor of 335444 and 34.
34
Calculate the greatest common divisor of 84 and 2207814.
42
Calculate the highest common divisor of 1030 and 12566.
206
Calculate the highest common divisor of 36162 and 26166.
294
Calculate the highest common factor of 12 and 147172.
4
Calculate the highest common divisor of 6572241 and 234.
117
Calculate the greatest common factor of 21983 and 3263.
13
What is the highest common divisor of 5721985 and 127?
127
What is the greatest common divisor of 11328 and 5184?
192
What is the greatest common divisor of 1590 and 23373?
159
Calculate the greatest common factor of 36 and 50031.
9
Calculate the highest common divisor of 50130 and 408838.
1114
Calculate the highest common factor of 6885 and 13345.
85
Calculate the highest common divisor of 1206020 and 1283.
1283
Calculate the greatest common factor of 14 and 7567.
7
What is the greatest common factor of 4407 and 113565?
339
What is the greatest common divisor of 385 and 1331?
11
Calculate the greatest common divisor of 4152133 and 29.
29
Calculate the greatest common factor of 18670 and 5.
5
What is the greatest common factor of 612 and 2232?
36
Calculate the greatest common factor of 120063 and 186.
93
Calculate the highest common divisor of 153 and 464406.
51
Calculate the highest common divisor of 114840 and 11352.
264
What is the greatest common divisor of 87348 and 16?
4
Calculate the greatest common factor of 156 and 16428.
12
Calculate the greatest common divisor of 5439 and 374255.
259
What is the highest common divisor of 54 and 206154?
18
Calculate the highest common factor of 18 and 606.
6
Calculate the greatest common divisor of 247 and 7475.
13
What is the greatest common divisor of 2583 and 2331?
63
Calculate the greatest common divisor of 1232 and 924.
308
What is the highest common divisor of 1700014 and 964?
482
What is the greatest common factor of 10419 and 1359?
453
Calculate the highest common factor of 91 and 634361.
91
What is the highest common factor of 605 and 166672?
11
What is the highest common factor of 84226 and 46?
46
Calculate the highest common factor of 3685 and 94269.
67
What is the highest common factor of 9195 and 18570?
15
What is the highest common divisor of 84 and 410732?
28
What is the greatest common divisor of 57569 and 23?
23
Calculate the greatest common divisor of 712 and 212354.
178
What is the highest common divisor of 3230 and 1870?
170
What is the highest common divisor of 210 and 17418?
6
Calculate the highest common divisor of 81 and 61866.
9
Calculate the greatest common divisor of 2242 and 14174.
38
What is the highest common factor of 85812 and 9?
3
Calculate the highest common factor of 22 and 908567.
11
What is the greatest common factor of 480 and 2081760?
480
Calculate the greatest common factor of 4439 and 1104.
23
What is the highest common divisor of 10220 and 8484?
28
What is the greatest common divisor of 29578 and 4501?
643
Calculate the highest common divisor of 545361 and 6.
3
Calculate the highest common factor of 228 and 2598117.
57
Calculate the greatest common factor of 1864 and 793132.
932
What is the greatest common factor of 190451 and 374?
17
What is the greatest common factor of 2319 and 14125029?
2319
What is the greatest common factor of 26961 and 4191?
33
Calculate the greatest common factor of 63908 and 156.
52
What is the highest common divisor of 53741 and 2257?
61
Calculate the greatest common factor of 6018 and 114.
6
What is the greatest common divisor of 226 and 298?
2
What is the highest common divisor of 194049 and 3456?
27
What is the greatest common divisor of 4422 and 1078?
22
Calculate the greatest common divisor of 1004 and 7248378.
502
What is the greatest common divisor of 19985 and 10955?
35
Calculate the highest common factor of 27 and 1002.
3
What is the greatest common divisor of 1260 and 29736?
252
Calculate the g